{"id":534,"date":"2022-08-24T14:25:45","date_gmt":"2022-08-24T12:25:45","guid":{"rendered":"https:\/\/contakidsbretagne.com\/?page_id=534"},"modified":"2022-09-05T15:14:31","modified_gmt":"2022-09-05T13:14:31","slug":"a-propos","status":"publish","type":"page","link":"https:\/\/contakidsbretagne.com\/index.php\/a-propos\/","title":{"rendered":"A propos"},"content":{"rendered":"\n<div class=\"wp-block-group alignfull has-background is-layout-flow wp-block-group-is-layout-flow\" style=\"background-color:#f7f7eb\"><div class=\"wp-block-group__inner-container\">\n<div class=\"wp-block-columns alignwide is-layout-flex wp-container-core-columns-layout-1 wp-block-columns-is-layout-flex\">\n<div class=\"wp-block-column is-layout-flow wp-block-column-is-layout-flow\">\n<h6 class=\"has-text-color wp-block-heading\" id=\"ecosystem\" style=\"color:#000000\">LA METHODE <\/h6>\n\n\n\n<p class=\"has-text-color\" style=\"color:#000000;font-size:5vw;line-height:1.1\"><strong>Contakids.<\/strong><\/p>\n\n\n\n<div style=\"height:5px\" aria-hidden=\"true\" class=\"wp-block-spacer\"><\/div>\n<\/div>\n<\/div>\n\n\n\n<div class=\"wp-block-columns alignwide is-layout-flex wp-container-core-columns-layout-2 wp-block-columns-is-layout-flex\">\n<div class=\"wp-block-column is-layout-flow wp-block-column-is-layout-flow\" style=\"flex-basis:33.38%\">\n<p class=\"has-drop-cap has-text-color has-extra-small-font-size\" style=\"color:#000000\"><em>Rouler, tomber, pivoter, bouger, se lever, se tenir en \u00e9quilibre&#8230;<\/em><\/p>\n\n\n\n<p>Contakids est une m\u00e9thode qui pousse l&rsquo;id\u00e9e d&rsquo;utiliser le contact physique et sensoriel sous une forme de communication plus profonde entre les parents et leurs enfants (de 2 \u00e0 4 ans). <\/p>\n\n\n\n<p>Les ateliers sont bas\u00e9s sur le mouvement, l&rsquo;espace, le jeu, la danse.<\/p>\n\n\n\n<p><em>Partagez une exp\u00e9rience ludique et tendre avec votre enfant.<\/em><\/p>\n\n\n\n<p><\/p>\n<\/div>\n\n\n\n<div class=\"wp-block-column is-layout-flow wp-block-column-is-layout-flow\" style=\"flex-basis:33%\">\n<div style=\"height:100px\" aria-hidden=\"true\" class=\"wp-block-spacer\"><\/div>\n\n\n\n<figure class=\"wp-block-image size-large\"><img loading=\"lazy\" decoding=\"async\" width=\"683\" height=\"1024\" src=\"https:\/\/contakidsbretagne.com\/wp-content\/uploads\/2022\/08\/Contakids-Bretagne-_-ronde-parents-enfants--683x1024.jpg\" alt=\"\" class=\"wp-image-579\" srcset=\"https:\/\/contakidsbretagne.com\/wp-content\/uploads\/2022\/08\/Contakids-Bretagne-_-ronde-parents-enfants--683x1024.jpg 683w, https:\/\/contakidsbretagne.com\/wp-content\/uploads\/2022\/08\/Contakids-Bretagne-_-ronde-parents-enfants--200x300.jpg 200w, https:\/\/contakidsbretagne.com\/wp-content\/uploads\/2022\/08\/Contakids-Bretagne-_-ronde-parents-enfants--768x1152.jpg 768w, https:\/\/contakidsbretagne.com\/wp-content\/uploads\/2022\/08\/Contakids-Bretagne-_-ronde-parents-enfants--1024x1536.jpg 1024w, https:\/\/contakidsbretagne.com\/wp-content\/uploads\/2022\/08\/Contakids-Bretagne-_-ronde-parents-enfants--1365x2048.jpg 1365w, https:\/\/contakidsbretagne.com\/wp-content\/uploads\/2022\/08\/Contakids-Bretagne-_-ronde-parents-enfants--600x900.jpg 600w, https:\/\/contakidsbretagne.com\/wp-content\/uploads\/2022\/08\/Contakids-Bretagne-_-ronde-parents-enfants--scaled.jpg 1706w\" sizes=\"(max-width: 683px) 100vw, 683px\" \/><\/figure>\n<\/div>\n\n\n\n<div class=\"wp-block-column is-layout-flow wp-block-column-is-layout-flow\" style=\"flex-basis:33.62%\">\n<figure class=\"wp-block-image size-large\"><img loading=\"lazy\" decoding=\"async\" width=\"1024\" height=\"575\" src=\"https:\/\/contakidsbretagne.com\/wp-content\/uploads\/2020\/08\/cropped-CONTAKIDS-BRETAGNE-ATELIER-PARENTS-ENFANTS-ESTELLE-DELNARD-MORBIHAN-VANNES-LA-TRINITE-SUR-MER-GOLFE-DU-MORBIHAN-ATTRAPER-1-1024x575.jpg\" alt=\"\" class=\"wp-image-287\" srcset=\"https:\/\/contakidsbretagne.com\/wp-content\/uploads\/2020\/08\/cropped-CONTAKIDS-BRETAGNE-ATELIER-PARENTS-ENFANTS-ESTELLE-DELNARD-MORBIHAN-VANNES-LA-TRINITE-SUR-MER-GOLFE-DU-MORBIHAN-ATTRAPER-1-1024x575.jpg 1024w, https:\/\/contakidsbretagne.com\/wp-content\/uploads\/2020\/08\/cropped-CONTAKIDS-BRETAGNE-ATELIER-PARENTS-ENFANTS-ESTELLE-DELNARD-MORBIHAN-VANNES-LA-TRINITE-SUR-MER-GOLFE-DU-MORBIHAN-ATTRAPER-1-300x169.jpg 300w, https:\/\/contakidsbretagne.com\/wp-content\/uploads\/2020\/08\/cropped-CONTAKIDS-BRETAGNE-ATELIER-PARENTS-ENFANTS-ESTELLE-DELNARD-MORBIHAN-VANNES-LA-TRINITE-SUR-MER-GOLFE-DU-MORBIHAN-ATTRAPER-1-768x432.jpg 768w, https:\/\/contakidsbretagne.com\/wp-content\/uploads\/2020\/08\/cropped-CONTAKIDS-BRETAGNE-ATELIER-PARENTS-ENFANTS-ESTELLE-DELNARD-MORBIHAN-VANNES-LA-TRINITE-SUR-MER-GOLFE-DU-MORBIHAN-ATTRAPER-1-1536x863.jpg 1536w, https:\/\/contakidsbretagne.com\/wp-content\/uploads\/2020\/08\/cropped-CONTAKIDS-BRETAGNE-ATELIER-PARENTS-ENFANTS-ESTELLE-DELNARD-MORBIHAN-VANNES-LA-TRINITE-SUR-MER-GOLFE-DU-MORBIHAN-ATTRAPER-1-1160x653.jpg 1160w, https:\/\/contakidsbretagne.com\/wp-content\/uploads\/2020\/08\/cropped-CONTAKIDS-BRETAGNE-ATELIER-PARENTS-ENFANTS-ESTELLE-DELNARD-MORBIHAN-VANNES-LA-TRINITE-SUR-MER-GOLFE-DU-MORBIHAN-ATTRAPER-1-600x337.jpg 600w, https:\/\/contakidsbretagne.com\/wp-content\/uploads\/2020\/08\/cropped-CONTAKIDS-BRETAGNE-ATELIER-PARENTS-ENFANTS-ESTELLE-DELNARD-MORBIHAN-VANNES-LA-TRINITE-SUR-MER-GOLFE-DU-MORBIHAN-ATTRAPER-1.jpg 1920w\" sizes=\"(max-width: 1024px) 100vw, 1024px\" \/><\/figure>\n\n\n\n<figure class=\"wp-block-image size-large\"><img loading=\"lazy\" decoding=\"async\" width=\"1024\" height=\"442\" src=\"https:\/\/contakidsbretagne.com\/wp-content\/uploads\/2022\/08\/Contakids-Bretagne-pont-parents-et-enfants--1024x442.jpg\" alt=\"\" class=\"wp-image-586\" srcset=\"https:\/\/contakidsbretagne.com\/wp-content\/uploads\/2022\/08\/Contakids-Bretagne-pont-parents-et-enfants--1024x442.jpg 1024w, https:\/\/contakidsbretagne.com\/wp-content\/uploads\/2022\/08\/Contakids-Bretagne-pont-parents-et-enfants--300x129.jpg 300w, https:\/\/contakidsbretagne.com\/wp-content\/uploads\/2022\/08\/Contakids-Bretagne-pont-parents-et-enfants--768x331.jpg 768w, https:\/\/contakidsbretagne.com\/wp-content\/uploads\/2022\/08\/Contakids-Bretagne-pont-parents-et-enfants--1536x663.jpg 1536w, https:\/\/contakidsbretagne.com\/wp-content\/uploads\/2022\/08\/Contakids-Bretagne-pont-parents-et-enfants--2048x884.jpg 2048w, https:\/\/contakidsbretagne.com\/wp-content\/uploads\/2022\/08\/Contakids-Bretagne-pont-parents-et-enfants--600x259.jpg 600w\" sizes=\"(max-width: 1024px) 100vw, 1024px\" \/><\/figure>\n\n\n\n<figure class=\"wp-block-image size-large\"><img decoding=\"async\" src=\"https:\/\/contakidsbretagne.com\/wp-content\/uploads\/2022\/08\/Contakids-Bretagne-Photo-atelier-ext\u00e9rieur-plage-de-la-Trinit\u00e9-Sur-Mer--975x1024.jpg\" alt=\"\" class=\"wp-image-576\"\/><\/figure>\n\n\n\n<figure class=\"wp-block-image size-large\"><img loading=\"lazy\" decoding=\"async\" width=\"1024\" height=\"492\" src=\"https:\/\/contakidsbretagne.com\/wp-content\/uploads\/2022\/08\/CONTAKIDS-BRETAGNE-ATELIER-PARENTS-ENFANTS-ESTELLE-DELNARD-MORBIHAN-VANNES-LA-TRINITE-SUR-MER-GOLFE-DU-MORBIHAN-ESTELLE-DELNARD-A-DEUX-1024x492.jpg\" alt=\"\" class=\"wp-image-577\" srcset=\"https:\/\/contakidsbretagne.com\/wp-content\/uploads\/2022\/08\/CONTAKIDS-BRETAGNE-ATELIER-PARENTS-ENFANTS-ESTELLE-DELNARD-MORBIHAN-VANNES-LA-TRINITE-SUR-MER-GOLFE-DU-MORBIHAN-ESTELLE-DELNARD-A-DEUX-1024x492.jpg 1024w, https:\/\/contakidsbretagne.com\/wp-content\/uploads\/2022\/08\/CONTAKIDS-BRETAGNE-ATELIER-PARENTS-ENFANTS-ESTELLE-DELNARD-MORBIHAN-VANNES-LA-TRINITE-SUR-MER-GOLFE-DU-MORBIHAN-ESTELLE-DELNARD-A-DEUX-300x144.jpg 300w, https:\/\/contakidsbretagne.com\/wp-content\/uploads\/2022\/08\/CONTAKIDS-BRETAGNE-ATELIER-PARENTS-ENFANTS-ESTELLE-DELNARD-MORBIHAN-VANNES-LA-TRINITE-SUR-MER-GOLFE-DU-MORBIHAN-ESTELLE-DELNARD-A-DEUX-768x369.jpg 768w, https:\/\/contakidsbretagne.com\/wp-content\/uploads\/2022\/08\/CONTAKIDS-BRETAGNE-ATELIER-PARENTS-ENFANTS-ESTELLE-DELNARD-MORBIHAN-VANNES-LA-TRINITE-SUR-MER-GOLFE-DU-MORBIHAN-ESTELLE-DELNARD-A-DEUX-1536x737.jpg 1536w, https:\/\/contakidsbretagne.com\/wp-content\/uploads\/2022\/08\/CONTAKIDS-BRETAGNE-ATELIER-PARENTS-ENFANTS-ESTELLE-DELNARD-MORBIHAN-VANNES-LA-TRINITE-SUR-MER-GOLFE-DU-MORBIHAN-ESTELLE-DELNARD-A-DEUX-2048x983.jpg 2048w, https:\/\/contakidsbretagne.com\/wp-content\/uploads\/2022\/08\/CONTAKIDS-BRETAGNE-ATELIER-PARENTS-ENFANTS-ESTELLE-DELNARD-MORBIHAN-VANNES-LA-TRINITE-SUR-MER-GOLFE-DU-MORBIHAN-ESTELLE-DELNARD-A-DEUX-600x288.jpg 600w\" sizes=\"(max-width: 1024px) 100vw, 1024px\" \/><\/figure>\n<\/div>\n<\/div>\n\n\n\n<div class=\"wp-block-columns alignwide is-layout-flex wp-container-core-columns-layout-3 wp-block-columns-is-layout-flex\">\n<div class=\"wp-block-column is-layout-flow wp-block-column-is-layout-flow\" style=\"flex-basis:67%\"><div class=\"wp-block-image\">\n<figure class=\"alignright size-full\"><img loading=\"lazy\" decoding=\"async\" width=\"1000\" height=\"666\" src=\"https:\/\/contakidsbretagne.com\/wp-content\/uploads\/2022\/08\/Contakids-bretagne-1.jpg\" alt=\"\" class=\"wp-image-584\" srcset=\"https:\/\/contakidsbretagne.com\/wp-content\/uploads\/2022\/08\/Contakids-bretagne-1.jpg 1000w, https:\/\/contakidsbretagne.com\/wp-content\/uploads\/2022\/08\/Contakids-bretagne-1-300x200.jpg 300w, https:\/\/contakidsbretagne.com\/wp-content\/uploads\/2022\/08\/Contakids-bretagne-1-768x511.jpg 768w, https:\/\/contakidsbretagne.com\/wp-content\/uploads\/2022\/08\/Contakids-bretagne-1-600x400.jpg 600w\" sizes=\"(max-width: 1000px) 100vw, 1000px\" \/><\/figure><\/div><\/div>\n\n\n\n<div class=\"wp-block-column is-vertically-aligned-center is-layout-flow wp-block-column-is-layout-flow\" style=\"flex-basis:33%\">\n<p class=\"has-text-color has-large-font-size\" style=\"color:#000000\"><em><strong>Au fil des ateliers<\/strong>,<\/em> <\/p>\n\n\n\n<p>Les plus petits d\u00e9veloppent et am\u00e9liorent leurs aptitudes physiques et leur estime de soi et prennent de l&rsquo;assurance au niveau moteur. <\/p>\n\n\n\n<p><em>Chacun apprend \u00e0 se faire confiance.<\/em><\/p>\n\n\n\n<p>Sans aucune comp\u00e9tence particuli\u00e8re, les ateliers de 45 minutes sont ouvert \u00e0 tous, toute l&rsquo;ann\u00e9e. <\/p>\n\n\n\n<p class=\"has-text-color has-small-font-size\" style=\"color:#000000\">  <\/p>\n<\/div>\n<\/div>\n\n\n\n<figure class=\"wp-block-image size-large\"><img loading=\"lazy\" decoding=\"async\" width=\"1024\" height=\"397\" src=\"https:\/\/contakidsbretagne.com\/wp-content\/uploads\/2022\/08\/Contakids-Contakids-Bretagne-Itay-Yatuv-et-Sophie-1-1024x397.jpg\" alt=\"\" class=\"wp-image-574\" srcset=\"https:\/\/contakidsbretagne.com\/wp-content\/uploads\/2022\/08\/Contakids-Contakids-Bretagne-Itay-Yatuv-et-Sophie-1-1024x397.jpg 1024w, https:\/\/contakidsbretagne.com\/wp-content\/uploads\/2022\/08\/Contakids-Contakids-Bretagne-Itay-Yatuv-et-Sophie-1-300x116.jpg 300w, https:\/\/contakidsbretagne.com\/wp-content\/uploads\/2022\/08\/Contakids-Contakids-Bretagne-Itay-Yatuv-et-Sophie-1-768x298.jpg 768w, https:\/\/contakidsbretagne.com\/wp-content\/uploads\/2022\/08\/Contakids-Contakids-Bretagne-Itay-Yatuv-et-Sophie-1-600x233.jpg 600w, https:\/\/contakidsbretagne.com\/wp-content\/uploads\/2022\/08\/Contakids-Contakids-Bretagne-Itay-Yatuv-et-Sophie-1.jpg 1200w\" sizes=\"(max-width: 1024px) 100vw, 1024px\" \/><\/figure>\n\n\n\n<blockquote class=\"wp-block-quote\"><p>    La m\u00e9thode a \u00e9t\u00e9 th\u00e9oris\u00e9e par Itay Yatuv, danseur, chor\u00e9graphe, directeur de la Hakvutza Dance School en Isra\u00ebl.<\/p><p>Contakids est pratiqu\u00e9 dans 50 pays dans le monde avec plus de 250 enseignants, dont Estelle, dipl\u00f4m\u00e9e Contakids depuis 2018 et premi\u00e8re enseignante en Bretagne. <\/p><\/blockquote>\n<\/div><\/div>\n\n\n\n<div class=\"wp-block-columns alignwide are-vertically-aligned-center is-layout-flex wp-container-core-columns-layout-4 wp-block-columns-is-layout-flex\">\n<div class=\"wp-block-column is-vertically-aligned-center is-layout-flow wp-block-column-is-layout-flow\" style=\"flex-basis:100%\">\n<figure class=\"wp-block-embed alignleft is-type-video is-provider-youtube wp-block-embed-youtube wp-embed-aspect-16-9 wp-has-aspect-ratio\"><div class=\"wp-block-embed__wrapper\">\n<iframe loading=\"lazy\" title=\"CONTAKIDS BRETAGNE - Estelle Delnard - Ateliers Parents Enfants \u00e0 Vannes et La Trinite sur Mer\" width=\"770\" height=\"433\" src=\"https:\/\/www.youtube.com\/embed\/1gPDyIERlGw?feature=oembed\" frameborder=\"0\" allow=\"accelerometer; autoplay; clipboard-write; encrypted-media; gyroscope; picture-in-picture\" allowfullscreen><\/iframe>\n<\/div><\/figure>\n<\/div>\n<\/div>\n\n\n\n<div class=\"wp-block-group alignfull has-background is-layout-flow wp-block-group-is-layout-flow\" style=\"background-color:#f7f7eb\"><div class=\"wp-block-group__inner-container\">\n<div class=\"wp-block-columns alignwide is-layout-flex wp-container-core-columns-layout-5 wp-block-columns-is-layout-flex\">\n<div class=\"wp-block-column is-layout-flow wp-block-column-is-layout-flow\">\n<div style=\"height:100px\" aria-hidden=\"true\" class=\"wp-block-spacer\"><\/div>\n\n\n\n<h6 class=\"has-text-color wp-block-heading\" id=\"ecosystem\" style=\"color:#000000\">ENSEIGNEMENT<\/h6>\n\n\n\n<p class=\"has-text-color\" style=\"color:#000000;font-size:5vw;line-height:1.1\"><strong>Estelle Delnard.<\/strong><\/p>\n\n\n\n<div style=\"height:5px\" aria-hidden=\"true\" class=\"wp-block-spacer\"><\/div>\n<\/div>\n<\/div>\n\n\n\n<div class=\"wp-block-columns alignwide is-layout-flex wp-container-core-columns-layout-6 wp-block-columns-is-layout-flex\">\n<div class=\"wp-block-column is-layout-flow wp-block-column-is-layout-flow\" style=\"flex-basis:33.38%\">\n<p class=\"has-text-color has-extra-small-font-size\" style=\"color:#000000\">Chor\u00e9graphe et danseuse contemporaine depuis plus de 12 ans. Estelle quitte Paris, pour se rapprocher de sa famille en Bretagne avant la naissance de son fils.<\/p>\n\n\n\n<p>Pour transmettre sa passion, Estelle enseigne la danse dans le Morbihan. <\/p>\n\n\n\n<p>Pendant sa deuxi\u00e8me grossesse, son petit de deux ans redoute de devenir le grand et de partager sa maman.<\/p>\n\n\n\n<p><em>Pour le rassurer, les gestes parlent plus que les mots. <\/em><\/p>\n\n\n\n<p><\/p>\n<\/div>\n\n\n\n<div class=\"wp-block-column is-layout-flow wp-block-column-is-layout-flow\" style=\"flex-basis:33%\">\n<div style=\"height:100px\" aria-hidden=\"true\" class=\"wp-block-spacer\"><\/div>\n\n\n\n<figure class=\"wp-block-image size-large\"><img loading=\"lazy\" decoding=\"async\" width=\"789\" height=\"1024\" src=\"https:\/\/contakidsbretagne.com\/wp-content\/uploads\/2022\/08\/CONTAKIDS-BRETRAGNE-PORTRAIT-ESTELLE-DELNARD-789x1024.jpg\" alt=\"\" class=\"wp-image-567\" srcset=\"https:\/\/contakidsbretagne.com\/wp-content\/uploads\/2022\/08\/CONTAKIDS-BRETRAGNE-PORTRAIT-ESTELLE-DELNARD-789x1024.jpg 789w, https:\/\/contakidsbretagne.com\/wp-content\/uploads\/2022\/08\/CONTAKIDS-BRETRAGNE-PORTRAIT-ESTELLE-DELNARD-231x300.jpg 231w, https:\/\/contakidsbretagne.com\/wp-content\/uploads\/2022\/08\/CONTAKIDS-BRETRAGNE-PORTRAIT-ESTELLE-DELNARD-768x996.jpg 768w, https:\/\/contakidsbretagne.com\/wp-content\/uploads\/2022\/08\/CONTAKIDS-BRETRAGNE-PORTRAIT-ESTELLE-DELNARD-1184x1536.jpg 1184w, https:\/\/contakidsbretagne.com\/wp-content\/uploads\/2022\/08\/CONTAKIDS-BRETRAGNE-PORTRAIT-ESTELLE-DELNARD-1579x2048.jpg 1579w, https:\/\/contakidsbretagne.com\/wp-content\/uploads\/2022\/08\/CONTAKIDS-BRETRAGNE-PORTRAIT-ESTELLE-DELNARD-600x778.jpg 600w, https:\/\/contakidsbretagne.com\/wp-content\/uploads\/2022\/08\/CONTAKIDS-BRETRAGNE-PORTRAIT-ESTELLE-DELNARD-scaled.jpg 1973w\" sizes=\"(max-width: 789px) 100vw, 789px\" \/><\/figure>\n<\/div>\n\n\n\n<div class=\"wp-block-column is-vertically-aligned-top is-layout-flow wp-block-column-is-layout-flow\" style=\"flex-basis:33.62%\">\n<figure class=\"wp-block-image size-large\"><img loading=\"lazy\" decoding=\"async\" width=\"1024\" height=\"767\" src=\"https:\/\/contakidsbretagne.com\/wp-content\/uploads\/2022\/08\/CONTAKIDS-BRETAGNE-ATELIER-PARENTS-ENFANTS-MORBIHAN-VANNES-ESTELLE-DELNARD-LA-TRINITE-SUR-MER-GOLFE-DU-MORBIHAN-\u00a9Point-dExpression-ESTELLE-1024x767.jpg\" alt=\"\" class=\"wp-image-568\" srcset=\"https:\/\/contakidsbretagne.com\/wp-content\/uploads\/2022\/08\/CONTAKIDS-BRETAGNE-ATELIER-PARENTS-ENFANTS-MORBIHAN-VANNES-ESTELLE-DELNARD-LA-TRINITE-SUR-MER-GOLFE-DU-MORBIHAN-\u00a9Point-dExpression-ESTELLE-1024x767.jpg 1024w, https:\/\/contakidsbretagne.com\/wp-content\/uploads\/2022\/08\/CONTAKIDS-BRETAGNE-ATELIER-PARENTS-ENFANTS-MORBIHAN-VANNES-ESTELLE-DELNARD-LA-TRINITE-SUR-MER-GOLFE-DU-MORBIHAN-\u00a9Point-dExpression-ESTELLE-300x225.jpg 300w, https:\/\/contakidsbretagne.com\/wp-content\/uploads\/2022\/08\/CONTAKIDS-BRETAGNE-ATELIER-PARENTS-ENFANTS-MORBIHAN-VANNES-ESTELLE-DELNARD-LA-TRINITE-SUR-MER-GOLFE-DU-MORBIHAN-\u00a9Point-dExpression-ESTELLE-768x576.jpg 768w, https:\/\/contakidsbretagne.com\/wp-content\/uploads\/2022\/08\/CONTAKIDS-BRETAGNE-ATELIER-PARENTS-ENFANTS-MORBIHAN-VANNES-ESTELLE-DELNARD-LA-TRINITE-SUR-MER-GOLFE-DU-MORBIHAN-\u00a9Point-dExpression-ESTELLE-1536x1151.jpg 1536w, https:\/\/contakidsbretagne.com\/wp-content\/uploads\/2022\/08\/CONTAKIDS-BRETAGNE-ATELIER-PARENTS-ENFANTS-MORBIHAN-VANNES-ESTELLE-DELNARD-LA-TRINITE-SUR-MER-GOLFE-DU-MORBIHAN-\u00a9Point-dExpression-ESTELLE-2048x1535.jpg 2048w, https:\/\/contakidsbretagne.com\/wp-content\/uploads\/2022\/08\/CONTAKIDS-BRETAGNE-ATELIER-PARENTS-ENFANTS-MORBIHAN-VANNES-ESTELLE-DELNARD-LA-TRINITE-SUR-MER-GOLFE-DU-MORBIHAN-\u00a9Point-dExpression-ESTELLE-600x450.jpg 600w\" sizes=\"(max-width: 1024px) 100vw, 1024px\" \/><\/figure>\n\n\n\n<figure class=\"wp-block-image size-large\"><img loading=\"lazy\" decoding=\"async\" width=\"1024\" height=\"471\" src=\"https:\/\/contakidsbretagne.com\/wp-content\/uploads\/2022\/08\/Contakids-Bretagne-Estelle-Delnard-roule-salle-de-danse-contemporaine-1024x471.jpg\" alt=\"\" class=\"wp-image-569\" srcset=\"https:\/\/contakidsbretagne.com\/wp-content\/uploads\/2022\/08\/Contakids-Bretagne-Estelle-Delnard-roule-salle-de-danse-contemporaine-1024x471.jpg 1024w, https:\/\/contakidsbretagne.com\/wp-content\/uploads\/2022\/08\/Contakids-Bretagne-Estelle-Delnard-roule-salle-de-danse-contemporaine-300x138.jpg 300w, https:\/\/contakidsbretagne.com\/wp-content\/uploads\/2022\/08\/Contakids-Bretagne-Estelle-Delnard-roule-salle-de-danse-contemporaine-768x353.jpg 768w, https:\/\/contakidsbretagne.com\/wp-content\/uploads\/2022\/08\/Contakids-Bretagne-Estelle-Delnard-roule-salle-de-danse-contemporaine-1536x706.jpg 1536w, https:\/\/contakidsbretagne.com\/wp-content\/uploads\/2022\/08\/Contakids-Bretagne-Estelle-Delnard-roule-salle-de-danse-contemporaine-2048x942.jpg 2048w, https:\/\/contakidsbretagne.com\/wp-content\/uploads\/2022\/08\/Contakids-Bretagne-Estelle-Delnard-roule-salle-de-danse-contemporaine-600x276.jpg 600w\" sizes=\"(max-width: 1024px) 100vw, 1024px\" \/><\/figure>\n\n\n\n<figure class=\"wp-block-image size-large\"><img loading=\"lazy\" decoding=\"async\" width=\"1024\" height=\"768\" src=\"https:\/\/contakidsbretagne.com\/wp-content\/uploads\/2022\/08\/Contakids-BRETAGNE-Estelle-et-Itay-Yatuv--1024x768.jpg\" alt=\"\" class=\"wp-image-575\" srcset=\"https:\/\/contakidsbretagne.com\/wp-content\/uploads\/2022\/08\/Contakids-BRETAGNE-Estelle-et-Itay-Yatuv--1024x768.jpg 1024w, https:\/\/contakidsbretagne.com\/wp-content\/uploads\/2022\/08\/Contakids-BRETAGNE-Estelle-et-Itay-Yatuv--300x225.jpg 300w, https:\/\/contakidsbretagne.com\/wp-content\/uploads\/2022\/08\/Contakids-BRETAGNE-Estelle-et-Itay-Yatuv--768x576.jpg 768w, https:\/\/contakidsbretagne.com\/wp-content\/uploads\/2022\/08\/Contakids-BRETAGNE-Estelle-et-Itay-Yatuv--1536x1152.jpg 1536w, https:\/\/contakidsbretagne.com\/wp-content\/uploads\/2022\/08\/Contakids-BRETAGNE-Estelle-et-Itay-Yatuv--600x450.jpg 600w, https:\/\/contakidsbretagne.com\/wp-content\/uploads\/2022\/08\/Contakids-BRETAGNE-Estelle-et-Itay-Yatuv-.jpg 1918w\" sizes=\"(max-width: 1024px) 100vw, 1024px\" \/><\/figure>\n<\/div>\n<\/div>\n\n\n\n<div class=\"wp-block-columns alignwide is-layout-flex wp-container-core-columns-layout-7 wp-block-columns-is-layout-flex\">\n<div class=\"wp-block-column is-layout-flow wp-block-column-is-layout-flow\" style=\"flex-basis:67%\"><div class=\"wp-block-image\">\n<figure class=\"alignright size-large\"><img loading=\"lazy\" decoding=\"async\" width=\"768\" height=\"1024\" src=\"https:\/\/contakidsbretagne.com\/wp-content\/uploads\/2022\/08\/Contakids-Bretagne-Estelle-et-Rosie-grande-NetB-mouvement--768x1024.jpg\" alt=\"\" class=\"wp-image-565\" srcset=\"https:\/\/contakidsbretagne.com\/wp-content\/uploads\/2022\/08\/Contakids-Bretagne-Estelle-et-Rosie-grande-NetB-mouvement--768x1025.jpg 768w, https:\/\/contakidsbretagne.com\/wp-content\/uploads\/2022\/08\/Contakids-Bretagne-Estelle-et-Rosie-grande-NetB-mouvement--225x300.jpg 225w, https:\/\/contakidsbretagne.com\/wp-content\/uploads\/2022\/08\/Contakids-Bretagne-Estelle-et-Rosie-grande-NetB-mouvement--1151x1536.jpg 1151w, https:\/\/contakidsbretagne.com\/wp-content\/uploads\/2022\/08\/Contakids-Bretagne-Estelle-et-Rosie-grande-NetB-mouvement--600x800.jpg 600w, https:\/\/contakidsbretagne.com\/wp-content\/uploads\/2022\/08\/Contakids-Bretagne-Estelle-et-Rosie-grande-NetB-mouvement-.jpg 1506w\" sizes=\"(max-width: 768px) 100vw, 768px\" \/><\/figure><\/div><\/div>\n\n\n\n<div class=\"wp-block-column is-vertically-aligned-center is-layout-flow wp-block-column-is-layout-flow\" style=\"flex-basis:33%\">\n<p class=\"has-text-color has-extra-small-font-size\" style=\"color:#000000\">A la naissance de sa fille, Estelle continue d&rsquo;\u00e9changer des moments privil\u00e9gi\u00e9s avec son fils, par le jeu et la danse. <\/p>\n\n\n\n<p>Elle commence \u00e0 exp\u00e9rimenter avec sa fille, des mouvements et tr\u00e8s rapidement les enfants, \u00e0 leurs mani\u00e8re, expriment l&rsquo;envie de continuer.<\/p>\n\n\n\n<p>Estelle d\u00e9couvre la m\u00e9thode Contakids et \u00e9change avec  Suzanne Meyer (Contakids Paris). S\u00e9duite et enthousiaste, elle d\u00e9bute la formation \u00e0 Lisbonne avec Itay Yatuv. <\/p>\n\n\n\n<p>Un fois l&rsquo;obtention  du dipl\u00f4me Contakids , Estelle met en place ses premiers ateliers dans le sud de la Bretagne. <\/p>\n\n\n\n<p><em>Apr\u00e8s une \u00ab\u00a0trop\u00a0\u00bb longue pause suite \u00e0 la pand\u00e9mie, la famille s&rsquo;est agrandie et les ateliers reprennent avec deux nouveaux partenaires qui vont permettre d&rsquo;exp\u00e9rimenter une nouvelle mani\u00e8re d&rsquo;aborder Contakids avec les jumeaux. <\/em>  <\/p>\n<\/div>\n<\/div>\n\n\n<div class=\"wp-block-image\">\n<figure class=\"aligncenter size-medium\"><img loading=\"lazy\" decoding=\"async\" width=\"298\" height=\"300\" src=\"https:\/\/contakidsbretagne.com\/wp-content\/uploads\/2022\/08\/Contakids-Bretagne-photo-de-famille-Estelle-et-ses-4-enfants--298x300.jpg\" alt=\"\" class=\"wp-image-563\" srcset=\"https:\/\/contakidsbretagne.com\/wp-content\/uploads\/2022\/08\/Contakids-Bretagne-photo-de-famille-Estelle-et-ses-4-enfants--298x300.jpg 298w, https:\/\/contakidsbretagne.com\/wp-content\/uploads\/2022\/08\/Contakids-Bretagne-photo-de-famille-Estelle-et-ses-4-enfants--1017x1024.jpg 1017w, https:\/\/contakidsbretagne.com\/wp-content\/uploads\/2022\/08\/Contakids-Bretagne-photo-de-famille-Estelle-et-ses-4-enfants--150x150.jpg 150w, https:\/\/contakidsbretagne.com\/wp-content\/uploads\/2022\/08\/Contakids-Bretagne-photo-de-famille-Estelle-et-ses-4-enfants--768x773.jpg 768w, https:\/\/contakidsbretagne.com\/wp-content\/uploads\/2022\/08\/Contakids-Bretagne-photo-de-famille-Estelle-et-ses-4-enfants--1526x1536.jpg 1526w, https:\/\/contakidsbretagne.com\/wp-content\/uploads\/2022\/08\/Contakids-Bretagne-photo-de-famille-Estelle-et-ses-4-enfants--2035x2048.jpg 2035w, https:\/\/contakidsbretagne.com\/wp-content\/uploads\/2022\/08\/Contakids-Bretagne-photo-de-famille-Estelle-et-ses-4-enfants--600x604.jpg 600w\" sizes=\"(max-width: 298px) 100vw, 298px\" \/><\/figure><\/div><\/div><\/div>\n","protected":false},"excerpt":{"rendered":"<p>LA METHODE Contakids. Rouler, tomber, pivoter, bouger, se lever, se tenir en \u00e9quilibre&#8230; Contakids est une m\u00e9thode qui pousse l&rsquo;id\u00e9e d&rsquo;utiliser le contact physique et sensoriel sous une forme de communication plus profonde entre les parents et leurs enfants (de 2 \u00e0 4 ans). Les ateliers sont bas\u00e9s sur le mouvement, l&rsquo;espace, le jeu, la [&hellip;]<\/p>\n","protected":false},"author":1,"featured_media":0,"parent":0,"menu_order":0,"comment_status":"closed","ping_status":"closed","template":"","meta":{"footnotes":""},"_links":{"self":[{"href":"https:\/\/contakidsbretagne.com\/index.php\/wp-json\/wp\/v2\/pages\/534"}],"collection":[{"href":"https:\/\/contakidsbretagne.com\/index.php\/wp-json\/wp\/v2\/pages"}],"about":[{"href":"https:\/\/contakidsbretagne.com\/index.php\/wp-json\/wp\/v2\/types\/page"}],"author":[{"embeddable":true,"href":"https:\/\/contakidsbretagne.com\/index.php\/wp-json\/wp\/v2\/users\/1"}],"replies":[{"embeddable":true,"href":"https:\/\/contakidsbretagne.com\/index.php\/wp-json\/wp\/v2\/comments?post=534"}],"version-history":[{"count":14,"href":"https:\/\/contakidsbretagne.com\/index.php\/wp-json\/wp\/v2\/pages\/534\/revisions"}],"predecessor-version":[{"id":748,"href":"https:\/\/contakidsbretagne.com\/index.php\/wp-json\/wp\/v2\/pages\/534\/revisions\/748"}],"wp:attachment":[{"href":"https:\/\/contakidsbretagne.com\/index.php\/wp-json\/wp\/v2\/media?parent=534"}],"curies":[{"name":"wp","href":"https:\/\/api.w.org\/{rel}","templated":true}]}}